ulate the highest common factor of 8931 and 5109.
39
Calculate the highest common divisor of 9529 and 78.
13
Calculate the greatest common divisor of 665 and 25585.
35
What is the highest common divisor of 144 and 727416?
72
Calculate the highest common divisor of 65 and 745.
5
What is the highest common divisor of 6710 and 2?
2
Calculate the greatest common factor of 1396 and 3798865.
349
Calculate the highest common divisor of 6 and 80439.
3
Calculate the greatest common factor of 656 and 331772.
164
Calculate the highest common divisor of 23208 and 276.
12
What is the greatest common factor of 16 and 7436?
4
What is the highest common divisor of 2298539 and 179?
179
Calculate the highest common divisor of 308520 and 1800.
360
Calculate the highest common divisor of 56400 and 960.
240
What is the highest common divisor of 351860 and 73?
73
Calculate the greatest common factor of 667 and 89953.
23
What is the highest common factor of 2629 and 341?
11
Calculate the highest common divisor of 48 and 467196.
12
Calculate the highest common divisor of 144844 and 147.
49
What is the greatest common divisor of 4551 and 3567?
123
Calculate the greatest common factor of 120 and 926700.
60
What is the highest common factor of 6305 and 2425?
485
What is the highest common divisor of 622 and 32?
2
Calculate the highest common divisor of 111607 and 958.
479
What is the highest common factor of 7306 and 286?
26
What is the highest common factor of 19173 and 21868?
77
Calculate the greatest common factor of 160 and 5080288.
32
Calculate the greatest common divisor of 2210556 and 3936.
492
What is the highest common factor of 10 and 26300?
10
What is the greatest common factor of 363 and 162987?
363
What is the highest common factor of 248853 and 66?
33
What is the greatest common factor of 21513 and 7878?
303
What is the greatest common factor of 165 and 236346?
33
What is the greatest common divisor of 445437 and 1032?
129
What is the highest common factor of 53740 and 730?
10
What is the greatest common divisor of 37 and 217856?
37
What is the greatest common factor of 1845 and 1353?
123
What is the highest common divisor of 38078 and 395?
79
Calculate the highest common factor of 43560 and 144.
72
What is the highest common divisor of 1300689 and 468?
117
What is the highest common divisor of 31362 and 6?
6
Calculate the greatest common factor of 1440 and 872.
8
What is the greatest common factor of 53800 and 300?
100
Calculate the highest common factor of 40 and 218.
2
What is the highest common factor of 35 and 174510?
35
What is the greatest common divisor of 16 and 6529?
1
Calculate the highest common factor of 15080 and 455.
65
What is the highest common divisor of 928 and 398?
2
Calculate the greatest common factor of 1969 and 187.
11
Calculate the highest common divisor of 9558 and 110430.
54
Calculate the greatest common factor of 32595 and 14268.
123
What is the highest common divisor of 289520 and 539?
77
What is the highest common divisor of 3829 and 889?
7
Calculate the greatest common divisor of 5029743 and 113.
113
Calculate the highest common divisor of 20 and 36735.
5
Calculate the greatest common factor of 26805 and 6495.
15
What is the highest common factor of 1182 and 89438?
394
Calculate the greatest common divisor of 447234 and 10.
2
What is the greatest common divisor of 3962 and 13006?
14
Calculate the greatest common factor of 570 and 3914.
38
What is the highest common divisor of 920 and 176065?
115
What is the highest common divisor of 705426 and 3?
3
Calculate the greatest common factor of 78804 and 4.
4
What is the greatest common divisor of 70 and 397250?
70
What is the greatest common divisor of 20765 and 10?
5
What is the greatest common factor of 89 and 528571?
89
Calculate the greatest common factor of 718950 and 150.
150
What is the greatest common factor of 48 and 3142584?
24
Calculate the highest common divisor of 85804 and 76.
76
Calculate the greatest common factor of 10869825 and 5.
5
Calculate the greatest common factor of 121 and 3487.
11
What is the highest common factor of 1030 and 3616330?
1030
What is the highest common divisor of 12914 and 275?
11
Calculate the highest common factor of 294549 and 141.
141
Calculate the highest common divisor of 61101 and 16206.
219
Calculate the highest common factor of 51 and 22718052.
51
Calculate the greatest common factor of 89558 and 14.
14
Calculate the greatest common factor of 155 and 2928725.
155
Calculate the greatest common factor of 18200 and 416.
104
Calculate the highest common divisor of 34995 and 1860.
15
Calculate the greatest common factor of 3328 and 221.
13
Calculate the greatest common divisor of 3538 and 24278.
122
What is the highest common factor of 475 and 116945?
95
What is the greatest common divisor of 1649 and 5917?
97
Calculate the greatest common factor of 95222 and 94.
94
What is the highest common divisor of 126 and 2750013?
63
Calculate the greatest common divisor of 4455 and 113949.
99
Calculate the highest common factor of 891 and 176.
11
Calculate the highest common divisor of 9052 and 23068.
292
What is the greatest common divisor of 306454 and 4526?
146
Calculate the greatest common factor of 384 and 161184.
96
Calculate the greatest common factor of 354956 and 196.
196
Calculate the highest common divisor of 6690 and 62.
2
What is the greatest common divisor of 284 and 213?
71
What is the highest common factor of 11322 and 90?
18
What is the highest common factor of 15352 and 1596?
76
What is the greatest common divisor of 606448 and 2320?
464
Calculate the highest common factor of 76160 and 4046.
238
What is the greatest common factor of 8 and 213160?
8
What is the highest common factor of 19 and 42265462?
19
What is the greatest common divisor of 25389 and 6448?
403
What is the highest common divisor of 56353 and 979?
11
What is the greatest common divisor of 13334 and 6?
2
What is the greatest common divisor of 196 and 30884?
28
What is the greatest common factor of 27 and 415746?
27
Calculate the greatest common factor of 6265 and 3043.
179
What is the highest common factor of 2262 and 5174?
26
What is the highest common factor of 57 and 465519?
57
Calculate the greatest common factor of 29 and 7871789.
29
Calculate the greatest common factor of 131592 and 120.
24
What is the highest common factor of 219048 and 18?
6
Calculate the highest common factor of 15 and 3500070.
15
Calculate the greatest common divisor of 1552 and 4074.
194
What is the highest common divisor of 6415 and 151394?
1283
What is the highest common factor of 364284 and 108?
108
Calculate the greatest common factor of 107355 and 120.
15
What is the highest common divisor of 19098 and 6?
6
Calculate the greatest common divisor of 21632 and 7936.
128
Calculate the highest common divisor of 6925446 and 11.
11
Calculate the greatest common divisor of 308 and 71533.
77
Calculate the greatest common divisor of 558 and 10943.
31
What is the greatest common divisor of 37387 and 4459?
343
What is the highest common factor of 20160 and 84?
84
What is the highest common divisor of 156 and 486?
6
What is the highest common factor of 453544 and 5696?
712
Calculate the greatest common divisor of 216 and 71640.
72
Calculate the greatest common divisor of 348 and 815132.
116
Calculate the highest common divisor of 16400 and 2720.
80
What is the greatest common divisor of 885815 and 35?
35
What is the highest common factor of 238 and 2996?
14
What is the highest common factor of 82 and 223860?
82
Calculate the greatest common factor of 580552 and 392.
392
What is the greatest common factor of 5460 and 1?
1
What is the greatest common divisor of 3710 and 16170?
70
What is the greatest common factor of 68 and 714374?
34
Calculate the highest common factor of 74339 and 4108.
79
Calculate the greatest common factor of 5154 and 1146.
6
What is the highest common divisor of 34 and 242?
2
Calculate the highest common divisor of 77421 and 43230.
393
Calculate the greatest common factor of 40180 and 5635.
245
Calculate the greatest common divisor of 81 and 27594.
27
Calculate the highest common divisor of 876 and 648.
12
Calculate the greatest common divisor of 57608 and 152.
152
Calc